4. Let o be (a - 0) + 8 - 0/3. Is p(o) composite?
False
Let p = 2723 - 4136. Let v = p + 862. Let g = 1504 + v. Is g composite?
False
Suppose 16*z - 7*z + 495 = 0. Let k = -52 - z. Suppose -5*c - 582 = -s + 677, -k*s + 4*c + 3777 = 0. Is s a composite number?
False
Let z(x) = -54790*x**3 + x**2 - 6*x + 1. Is z(-2) a composite number?
True
Let x(g) = -180304*g + 1827. Is x(-10) a prime number?
False
Suppose -44*o + 318*o - 17221174 = 0. Is o prime?
True
Let j(a) be the third derivative of a**4/24 + a**3/3 + 28*a**2. Let o be j(-5). Is ((-124)/(-12))/((-1)/o) a prime number?
True
Let s(w) = -609*w. Let v(b) be the first derivative of 304*b**2 - b + 4. Let o(q) = -3*s(q) - 2*v(q). Is o(1) composite?
False
Let b be (2/(-3))/((-2)/27). Let d be -9 + b + (-504 - -1). Let t = 1305 + d. Is t prime?
False
Suppose -71*a + 76*a - 5*u - 40625 = 0, 2*a - 4*u = 16262. Is a composite?
True
Is (-11657)/(-2)*(4 + -6)*1*-19 a composite number?
True
Let y(l) = 21*l**2 + l - 8. Let m be y(2). Let h = 81 - m. Suppose 2*n - 725 = -n + 5*r, -h*n - 2*r = -697. Is n a composite number?
True
Let c(r) = 57*r**2 + 13*r + 25. Let h(p) = -p**2 + 22*p + 7. Let s be h(22). Is c(s) composite?
False
Let f = 145143 - 62426. Is f prime?
False
Let c be -6*(-1)/4*(-48)/18. Let y be (-1)/(2/(-19181)) + (-2)/c. Let s = y - 4754. Is s composite?
True
Let v = -54212 - -130773. Is v a prime number?
True
Let u = -52817 - -132930. Is u prime?
False
Let i(h) = 408*h + 935. Is i(28) a prime number?
False
Let y(t) = 15253*t**2 + 92*t - 25. Is y(-4) a composite number?
True
Let r = 55 - 56. Let u be (r - 1)/(3/(-45))*215. Let q = u - 4405. Is q a prime number?
False
Suppose 217*l + 171*l = 173265668. Is l composite?
False
Suppose 13*n - 15*n + 54 = 0. Suppose -4*j = n*j - 52018. Is j prime?
False
Suppose -7*u + 4*u = 2460. Let b = 8836 + u. Suppose 10*m - b - 8554 = 0. Is m a composite number?
False
Suppose 34*y + 184 + 218 = 28. Suppose 0*q = 3*q + 132. Is -5 - y/(q/(-11592)) composite?
True
Let l(b) = 4*b**3 - 50*b**2 - 23*b - 111. Is l(26) prime?
False
Let a(f) = 584*f**3 - 2*f + 1. Let l be a(1). Let w = l + -254. Is w a composite number?
True
Let a = -67064 - -205105. Is a prime?
True
Suppose 0 = -124*p + 130*p - 2400. Let g = p - -4461. Is g a composite number?
False
Let o be 1722/49 - (-1)/(-7). Suppose 3*n + 340832 = o*n. Is n a prime number?
True
Let b = 387 + -385. Suppose z + 1402 = -3*d + 4*d, -4*d - b*z + 5590 = 0. Is d a composite number?
False
Let g = 411551 - 72042. Is g composite?
True
Let h(k) = 1999*k**2 + 6*k + 1. Let j(a) = a**2 - 52*a + 98. Let w be j(50). Is h(w) prime?
False
Suppose -5*w + 16 = q, w = 3*w + 2*q. Suppose -1717 = -5*r + 4*i, -2*r - w*i - 212 + 882 = 0. Is r a composite number?
True
Let r = -1276581 - -2101516. Is r prime?
False
Let v = -227 - -233. Is 2*v/((-12)/(-19121)) a prime number?
True
Is ((-11138)/(-18))/(104/936) composite?
False
Let s(f) = 997*f**3 + 18*f**2 - 72*f - 11. Is s(6) composite?
True
Let t be (-40902)/119 - 2/7. Let p = 577 + 2814. Let o = t + p. Is o a prime number?
False
Let p = 678 - 676. Suppose 0 = -4*o - 17*b + 12*b + 4759, -p*b = 2. Is o a prime number?
False
Let r = -253 + 588. Let w = 107 + r. Suppose -2*l - 2*p + w = 0, 0 = 3*l - 5*p - 199 - 432. Is l prime?
False
Let p = -891 - -13360. Is p a composite number?
True
Let r = 64 - 204. Let q = r + 368. Suppose 2*a - g = q, -3*g + g = a - 109. Is a a prime number?
True
Let a(p) = 2*p**2 - 13*p - 6. Let j be a(7). Suppose 4*k = -5*s + 1 + 15, 5*k + j = -s. Is -21*s/((-24)/122) composite?
True
Let r be 4/46 + 3290140/644. Let v = 12926 - r. Is v composite?
False
Suppose 8*t - 12*t = -5*r + 5, 0 = 3*r + 3*t - 30. Suppose -5*f = -x - 1592, 0*f = 2*f + r*x - 653. Is f a composite number?
True
Let v be 73 - ((-8)/(-4) + -6). Suppose 4*h + 45 = v. Suppose -1414 = -h*k + 6*k. Is k a composite number?
True
Let p(b) = -4 - 14 - 1 - 196*b + 98*b. Is p(-9) prime?
True
Is -489122*(9 - 5)/(-4)*7/14 a composite number?
False
Suppose 5*x - 116 = 3*z, 5*z - 26 = -4*x + 89. Let u(s) = 11*s**2 + 53*s - 11. Is u(x) a prime number?
False
Let h = -14 - -12. Let a(f) = 34*f**2 - 8*f - 6. Let s(i) = i**2 - i - 1. Let u(b) = a(b) - 5*s(b). Is u(h) a composite number?
True
Let p(s) = s**3 - 96*s**2 - 281*s + 1583. Is p(105) composite?
True
Let j be 136477/12 + 2/(-24). Suppose h + 5*i - 3392 = 399, 3*h - 2*i - j = 0. Is h composite?
True
Let p be 900/250 - (-2)/5. Suppose -q - 85078 = -p*b - 0*q, 0 = -2*q - 4. Is b a prime number?
True
Let c(w) = -w**3 - 17*w**2 + w + 13. Suppose 0 = -2*x + 1 - 35. Let g be c(x). Is (-1)/(1*(16/g)/8212) composite?
False
Let u = 88606 + -62113. Is u composite?
True
Suppose 4*v - 168451 = -2*f - 59639, 2*v = 4*f + 54386. Is v prime?
False
Let j = 398822 + -281829. Is j a composite number?
False
Let i = 44 - 47. Let z be (46 - -2)*318/8 + i. Suppose -4*j = -j - z. Is j a composite number?
True
Let l = -52 + 102. Suppose 5*z = -4*s + l, -2*s = -2*z - 4*s + 22. Is z + -1 + -1 + 2 + 0 a composite number?
True
Is (-3 + 17)/2 + (-69360)/(-51) prime?
True
Let o(a) = -12*a**2 + 2*a - 2. Let x be o(7). Let c be (-2*1 - 0) + (-2418)/(-2). Let n = x + c. Is n prime?
True
Let f(s) = 7406*s**2 + 4*s + 1. Is f(-3) composite?
False
Let f(z) = 3*z**2 - 23*z - 9. Let h be f(8). Suppose -19 = j + x - 6, -4*j = x + 43. Is 3/h - (-986 - j) a composite number?
True
Let c = 82837 + -48784. Is c composite?
True
Let o(f) = -184*f**2 - 16*f - 24. Let l be o(17). Is -1 - 25/(100/l) a composite number?
False
Let u be (-26)/(-6) - (3 - (-88)/(-33)). Let h(k) = 2708*k**2 - 28*k + 3. Is h(u) a composite number?
True
Suppose 0 = -2*d + 5*h + 750909, -4*d + 1004540 = -5*h - 497263. Is d a composite number?
True
Let g(c) = -25*c**3 - 33*c**2 - 184*c + 117. Is g(-16) composite?
True
Suppose 0 = 4*q - 12, q + 79959 = f - 34585. Is f a prime number?
True
Let v = 153101 + -106612. Is v composite?
False
Suppose 50*g + 61*g = 137*g - 574834. Is g a prime number?
True
Suppose -2*d + 3*w + 78679 = 0, 3*d + 3*w - 91641 - 26385 = 0. Is d a prime number?
True
Let t be (-19)/209*(-45 + 1). Suppose 2*a - 4*a - 8330 = 0. Is t + 2 + a/(-5) composite?
False
Suppose 10 = -5*w + 5*k, -3*w + 4*k = -8*w + 26. Let a = w + 9. Suppose -a*o + 1370 = -1347. Is o prime?
False
Suppose 4*d = -8*d + 200724. Suppose -2*i + 379 = -d. Is i prime?
False
Let b(h) be the third derivative of -h**6/120 + 11*h**5/60 - h**4/24 - 4*h**3/3 + 8*h**2. Let j be b(10). Suppose j = 2*c - 34. Is c a prime number?
False
Suppose 3*r + 13 = -5*p + 38, p = 3*r + 23. Let i(w) = 22*w**3 - 6*w**2 + 27*w - 7. Is i(p) a composite number?
True
Suppose -4*w - 1 + 1 = 0. Suppose 5*v + 5*m - 2 = m, 4*m + 8 = w. Is ((-1574)/3)/(v/(-3)) prime?
True
Let n(i) = i**2 - i + 2. Let q be n(0). Suppose 4*z - z = -t + 947, -2*t = q*z - 626. Suppose y = 2*u - 4*u + z, -u + 637 = 2*y. Is y a composite number?
True
Let b(f) = 746939*f**3 - 29*f**2 + 36*f - 7. Is b(1) prime?
True
Let q = -110 + 106. Let w be q + (7 - 4) + 0 + 1. Suppose 3*t + 5*v - v - 11103 = 0, -4*t - 5*v + 14803 = w. Is t prime?
True
Suppose -32*v + 2257674 - 341048 = -379086. Is v prime?
True
Let g(y) = 3*y - 117 + 12 - 78 + 7*y**2. Is g(-14) a composite number?
True
Suppose -5*v - 602388 = -3*r, 152*r + 4*v + 803192 = 156*r. Is r a composite number?
True
Suppose -30*b + 74875 = -4016855. Suppose 0 = -31*m - 23458 + b. Is m prime?
True
Let v(r) = 373*r**2 + 117*r + 1. Is v(-2) a prime number?
True
Let z be (-5)/(-45)*-6*-9. Let o(l) = 73*l**3 - 4*l**2 - 7*l - 37. Is o(z) a composite number?
True
Let d be 3*-1*(-2)/2. Let u = -580 + 582. Suppose -3*a = -d*m - u*m - 1118, m + 1 = 0. Is a prime?
False
Suppose 3*d = 4*o - 38, -4*o + 2*o + 20 = -2*d. Let m(k) = 2*k**3 + 33 - o - 15 - k. Is m(4) composite?
True
Suppose -3150 = p - 11647. Is p composite?
True
Is ((-18)/2 + 10)*(6810/2 - -2) a composite number?
False
Let n(d) = 358*d - 5. Let x be n(-6). Let v = -2793 + 1959. Let l = v - x. Is l composite?
False
Let k = -2159 - -378. Let g = k + 2544. Let n = g - 297. Is n composite?
True
Suppose 2*y + 17 = -5*s, -5 + 0 = 5*y + 5*s. Let h(j) = 111*j**2 - 2*j - 5. Let q be h(y). Let o = q + -1056. Is o composite?
True
Let c = -318 + 311. Is 524 + 1 - (c - -3)/(-1) prime?
True
Let o(q) = q**3 + q**2 + 2*q + 3